). Calculate the highest common divisor of 99 and r.
9
Let w = -301 + 451. Let i(n) = 12*n**2 - n - 4. Let s be i(-4). Let u = s + -162. Calculate the highest common factor of w and u.
30
Let u be 122/22 + (-270)/495. Suppose 3*z = -4*v + 133 - 126, u*z - 7 = -2*v. What is the highest common divisor of z and 79?
1
Suppose 5*h - 4*o = 67544, -4*o = 5*h - 40068 - 27508. What is the highest common factor of 3 and h?
3
Let l = 14451 - 14295. Calculate the greatest common divisor of l and 18.
6
Let t(k) be the third derivative of k**4/3 - 12*k**3 - 26*k**2. Let x be t(11). What is the greatest common divisor of x and 112?
16
Suppose -1 - 9 = -5*t. Suppose 0 = -t*k - 10, 5*i - 3*k - 35 = 20. Let g(h) = -39*h - 70. Let l be g(-2). What is the greatest common factor of l and i?
8
Suppose -11*r - 6 = -6. Let a = 142 + 158. Suppose r*h - a = -5*h. Calculate the highest common divisor of h and 90.
30
Let m = -69 - -70. Let f be 3/(-27)*m + (-2108)/(-18). Calculate the greatest common divisor of 26 and f.
13
Suppose 4*t - 51*q = -53*q + 98, 0 = 4*t - q - 107. Let m = -100 - -217. What is the highest common divisor of t and m?
13
Suppose -3*l - 2*x + 1400 = -102, 0 = -5*l + 3*x + 2535. Suppose l = -y + 3*y. Calculate the greatest common factor of 36 and y.
36
Let x = -10585 - -10737. Calculate the greatest common divisor of 1026 and x.
38
Suppose -5*t - 2*t = -7. Let x be ((-9)/t - 1)*(1 + -12). Let o = -3 - -13. What is the greatest common factor of x and o?
10
Suppose 3*p - 3*j = -276 + 897, -p = 3*j - 215. What is the highest common divisor of p and 1007?
19
Suppose 53 = 8*a - 6267. What is the greatest common divisor of a and 10?
10
Let s(c) = -c**3 + 25*c**2 - 6*c + 4. Let r be s(23). Suppose -5*l + 8*l = r. Calculate the highest common factor of 28 and l.
28
Let p(x) = -2*x**3 + 42*x**2 + 42. Let k be p(21). Suppose b = -8 + 49. Let q = k - b. What is the highest common factor of q and 4?
1
Suppose 4*h + 5*c = 1520, 0 = -2*h - 0*h - 4*c + 760. Suppose 0 = -2*b - 11*n + 9*n + h, 5*b - 910 = 5*n. Calculate the greatest common factor of 6 and b.
6
Suppose 139 = w - 29. Calculate the highest common factor of 384 and w.
24
Suppose 2766 = -35*n + 37*n - 5*h, -5*h - 5552 = -4*n. What is the greatest common divisor of 14 and n?
7
Let u = -283 - -407. Let q = u - 104. Suppose 4*v - 240 = -0*v. What is the greatest common factor of v and q?
20
Let b be (-4)/(-1 + 209/285). Calculate the greatest common factor of 30 and b.
15
Suppose 3*r - 12 = -m, -4*m + 2 = 14. Suppose -x = l - 366, r*x - x - 5*l = 1419. Calculate the greatest common divisor of x and 57.
19
Let s = 268 + -258. Suppose 58 - 838 = -s*j. What is the greatest common factor of 130 and j?
26
Let w = 4242 + -4117. What is the greatest common divisor of w and 245?
5
Let j be (-7 + 14/6)*15/(-10). Calculate the greatest common divisor of j and 1078.
7
Let f = 603 - -1380. Calculate the greatest common divisor of 9 and f.
3
Suppose -500 = -6*a - 4*j, 7*a - 3*j - 305 = 3*a. Let l(p) = p**3 - 13*p**2 + 19*p - 14. Let q be l(12). What is the highest common factor of q and a?
10
Let w = -7288 + 17550. Calculate the greatest common divisor of w and 14.
14
Suppose 20 = 5*c, -4*r - 63*c + 1304 = -62*c. Let y = r - 265. Let v be 2*(-1 + 2) + 13. Calculate the greatest common factor of v and y.
15
Suppose -106 = -3*h - 21*j + 23*j, 0 = -3*h + j + 101. Suppose -18*o + 104 = h. Calculate the highest common factor of 1 and o.
1
Let q be (136/(-51))/(-1 + 843/846). Let m = 180 - 133. Calculate the greatest common factor of q and m.
47
Suppose 34*j = 43*j - 162. Suppose 1039 = j*y - 599. What is the greatest common divisor of y and 14?
7
Let g be 23/3 - 7/(-21). Let w(m) = 2*m**3 - 11*m**2 - m + 4. Let r be w(g). Let b = r - 186. What is the highest common divisor of 5 and b?
5
Suppose -3*t = 15, -10 = -4*z + 3*z - 3*t. Let y(i) = -3*i**2 - 18*i - 14. Let d be y(-4). What is the highest common divisor of d and z?
5
Let h = -30 + 32. Let g be (-15)/(-6)*4/h. Let c be 1437/g + (-15)/(-25). Calculate the greatest common factor of c and 36.
36
Suppose -6*w - 59 + 347 = 0. Let c = -16 + w. What is the highest common divisor of c and 4?
4
Suppose 0 = 8*i - 232 - 104. Let f(y) = y**3 + 2*y**2 + 2*y + 2. Let d be f(-2). Let t be d/(4 + 1266/(-315)). Calculate the highest common divisor of t and i.
21
Let o = -135 + 141. Suppose 0 = o*y - 51 - 1041. What is the greatest common factor of y and 28?
14
Let q(w) be the second derivative of -2*w**3/3 + 15*w**2 - 3*w - 11. Let f be q(-11). What is the greatest common factor of 2 and f?
2
Suppose 8 = -8*j + 12*j. Let p be j/9*-1 + (-6840)/(-162). Calculate the greatest common divisor of 14 and p.
14
Let d = 7041 + -7032. Calculate the highest common factor of d and 237.
3
Suppose -39 - 185 = -16*l. What is the greatest common divisor of 1694 and l?
14
Let i = -27 + 29. Suppose i = -4*j + 6. Let q be 147*(2 - j)/1. Calculate the greatest common divisor of 21 and q.
21
Suppose a + 2*h - 4296 = -933, -5*a = -2*h - 16887. Calculate the greatest common factor of 625 and a.
125
Let x be 1 - ((-6)/14 + (-30)/(-21)). Let t(o) = o**2 - 10*o + 14. Let l be t(x). Calculate the greatest common factor of l and 112.
14
Suppose 0*n - y + 92 = n, y + 178 = 2*n. Let r be (12/(-14) - 0)/((-49)/3430). What is the greatest common divisor of r and n?
30
Let k(x) = x**2 + 32*x + 49. Let s be k(0). Calculate the highest common factor of s and 3871.
49
Let i = -2189 + 2207. Suppose -2*w = -3*w + 102. What is the greatest common divisor of w and i?
6
Let f(v) = -28*v**3 - v**2 + v - 1. Let t be f(2). Let a = 284 + t. Calculate the highest common factor of 3 and a.
3
Let w be (-2 - (-5 + 2))*19. Suppose -18*t = -w*t + 3. Suppose c - 24 = -t. What is the greatest common divisor of c and 14?
7
Let h be (-2)/((-4)/10) + 22. Suppose 23*r - 500 = -h*r. What is the greatest common divisor of r and 120?
10
Let w be (-4 - 106)/11 - -7537. What is the greatest common divisor of 39 and w?
39
Let k be 16 + -23 + 1126 - 1/(-2)*2. Calculate the greatest common factor of k and 245.
35
Let a = 4843 - 4904. Let q = 90 + 90. Let w = a + q. What is the highest common factor of w and 7?
7
Suppose -w + 8 = -58. Suppose -6*t + 55 + 113 = 0. Suppose 0 = -t*h + 25*h + 12, 5*g - 3*h = 18. Calculate the highest common divisor of w and g.
6
Suppose -4*u - 1141*h + 102 = -1143*h, 4*h = -5*u + 108. Let l(c) = 22*c**2 - 2*c - 4. Let q be l(-3). Calculate the greatest common divisor of u and q.
8
Let k be (-11)/(-22)*334*(2 - 3). Let h = k + 227. Calculate the greatest common divisor of 36 and h.
12
Let t(l) = 50*l - 94. Let a be t(10). Suppose 22*f - 33*f = -319. What is the greatest common divisor of f and a?
29
Let v = 2759 - 2569. What is the highest common divisor of v and 893?
19
Let s = -62 - -67. Suppose -3*m + 5*w = -269, s*w = m + m - 176. Calculate the highest common factor of m and 62.
31
Let w(j) = 19*j**3 - 4*j - 8. Let u(y) = -16*y**3 + 3*y + 7. Let n(q) = -7*u(q) - 6*w(q). Let d be n(-3). What is the highest common divisor of d and 22?
22
Suppose -5*y - 2*w + 167 = 0, 4*w = 135*y - 136*y + 55. Calculate the greatest common divisor of 1984 and y.
31
Let i be (-365)/(-15) - (-2)/3. Suppose -2*w - i = -25. Suppose -7*l - 2*l + 648 = w. Calculate the greatest common divisor of l and 9.
9
Suppose 1226 = 2*l - 3*m + 401, m = l - 415. Let r = l - 10. Calculate the greatest common divisor of 164 and r.
82
Let v(w) = -w**2 - 9*w + 90. Let n be v(-15). Let d be (-4)/((-4)/17) + n. Calculate the highest common factor of 1 and d.
1
Suppose 0 = 29*m + 6*m - 420. Suppose b - 202 = 146. What is the greatest common divisor of m and b?
12
Let v(w) = -2273*w - 8988. Let g be v(-4). Suppose 0 = -2*s + 6*s - 1456. What is the greatest common factor of g and s?
52
Suppose 21 = i - 242. Suppose i*p = 260*p + 18. Calculate the greatest common factor of 30 and p.
6
Suppose 16*n + 2*f + 17680 = 21*n, -2*n + 3*f + 7083 = 0. Calculate the greatest common factor of 279 and n.
93
Suppose -9*w - 169 = -22*w. Let s be ((-1 - -16) + -2)/1. What is the greatest common factor of w and s?
13
Suppose -27*n + 18 + 17181 = 0. What is the greatest common factor of n and 377?
13
Suppose -f - 272 = -3*f. Suppose -5*l + 10 = 0, 2*l = x - 32 + 47. Let t be 2